{"id":304,"date":"2022-01-07T14:54:07","date_gmt":"2022-01-07T14:54:07","guid":{"rendered":"https:\/\/open-debat-ouvert.be\/?page_id=304"},"modified":"2022-01-20T12:33:41","modified_gmt":"2022-01-20T12:33:41","slug":"pers-presse","status":"publish","type":"page","link":"https:\/\/open-debat-ouvert.be\/fr\/pers-presse\/","title":{"rendered":"Presse"},"content":{"rendered":"<div data-elementor-type=\"wp-page\" data-elementor-id=\"304\" class=\"elementor elementor-304\" data-elementor-post-type=\"page\">\n\t\t\t\t\t\t<section class=\"elementor-section elementor-top-section elementor-element elementor-element-16d5e4a4 elementor-section-boxed elementor-section-height-default elementor-section-height-default\" data-id=\"16d5e4a4\" data-element_type=\"section\" data-e-type=\"section\" data-settings=\"{&quot;background_background&quot;:&quot;classic&quot;}\">\n\t\t\t\t\t\t<div class=\"elementor-container elementor-column-gap-no\">\n\t\t\t\t\t<div class=\"elementor-column elementor-col-100 elementor-top-column elementor-element elementor-element-33fdbe1e\" data-id=\"33fdbe1e\" data-element_type=\"column\" data-e-type=\"column\">\n\t\t\t<div class=\"elementor-widget-wrap\">\n\t\t\t\t\t\t\t<\/div>\n\t\t<\/div>\n\t\t\t\t\t<\/div>\n\t\t<\/section>\n\t\t\t\t<section class=\"elementor-section elementor-top-section elementor-element elementor-element-da5292d elementor-section-boxed elementor-section-height-default elementor-section-height-default\" data-id=\"da5292d\" data-element_type=\"section\" data-e-type=\"section\">\n\t\t\t\t\t\t<div class=\"elementor-container elementor-column-gap-default\">\n\t\t\t\t\t<div class=\"elementor-column elementor-col-100 elementor-top-column elementor-element elementor-element-c11dd9c\" data-id=\"c11dd9c\" data-element_type=\"column\" data-e-type=\"column\">\n\t\t\t<div class=\"elementor-widget-wrap elementor-element-populated\">\n\t\t\t\t\t\t<div class=\"elementor-element elementor-element-d2d412e elementor-widget elementor-widget-heading\" data-id=\"d2d412e\" data-element_type=\"widget\" data-e-type=\"widget\" data-widget_type=\"heading.default\">\n\t\t\t\t<div class=\"elementor-widget-container\">\n\t\t\t\t\t<h1 class=\"elementor-heading-title elementor-size-xxl\">Presse <\/h1>\t\t\t\t<\/div>\n\t\t\t\t<\/div>\n\t\t\t\t<div class=\"elementor-element elementor-element-3f1bde8 elementor-widget elementor-widget-text-editor\" data-id=\"3f1bde8\" data-element_type=\"widget\" data-e-type=\"widget\" data-widget_type=\"text-editor.default\">\n\t\t\t\t<div class=\"elementor-widget-container\">\n\t\t\t\t\t\t\t\t\t<p>Les communiqu\u00e9s de presse sont publi\u00e9s ici.<\/p>\t\t\t\t\t\t\t\t<\/div>\n\t\t\t\t<\/div>\n\t\t\t\t<div class=\"elementor-element elementor-element-50b3ce4 elementor-widget elementor-widget-text-editor\" data-id=\"50b3ce4\" data-element_type=\"widget\" data-e-type=\"widget\" data-widget_type=\"text-editor.default\">\n\t\t\t\t<div class=\"elementor-widget-container\">\n\t\t\t\t\t\t\t\t\t<p class=\"translation-block\">Pour les questions des m\u00e9dias, veuillez contacter <a href=\"mailto:press@open-debat-ouvert.be\" target=\"_blank\" rel=\"noopener\">press@open-debat-ouvert.be<\/a>.<\/p>\t\t\t\t\t\t\t\t<\/div>\n\t\t\t\t<\/div>\n\t\t\t\t<div class=\"elementor-element elementor-element-5201e39 elementor-grid-3 elementor-grid-tablet-2 elementor-grid-mobile-1 elementor-posts--thumbnail-top elementor-widget elementor-widget-posts\" data-id=\"5201e39\" data-element_type=\"widget\" data-e-type=\"widget\" data-settings=\"{&quot;classic_columns&quot;:&quot;3&quot;,&quot;classic_columns_tablet&quot;:&quot;2&quot;,&quot;classic_columns_mobile&quot;:&quot;1&quot;,&quot;classic_row_gap&quot;:{&quot;unit&quot;:&quot;px&quot;,&quot;size&quot;:35,&quot;sizes&quot;:[]},&quot;classic_row_gap_tablet&quot;:{&quot;unit&quot;:&quot;px&quot;,&quot;size&quot;:&quot;&quot;,&quot;sizes&quot;:[]},&quot;classic_row_gap_mobile&quot;:{&quot;unit&quot;:&quot;px&quot;,&quot;size&quot;:&quot;&quot;,&quot;sizes&quot;:[]}}\" data-no-translation=\"\" data-widget_type=\"posts.classic\">\n\t\t\t\t<div class=\"elementor-widget-container\">\n\t\t\t\t\t<style>.elementor-element-5201e39{display:none !important}<\/style>\t\t\t\t<\/div>\n\t\t\t\t<\/div>\n\t\t\t\t<div class=\"elementor-element elementor-element-bb7078c elementor-grid-3 elementor-grid-tablet-2 elementor-grid-mobile-1 elementor-posts--thumbnail-top elementor-widget elementor-widget-posts\" data-id=\"bb7078c\" data-element_type=\"widget\" data-e-type=\"widget\" data-settings=\"{&quot;classic_columns&quot;:&quot;3&quot;,&quot;classic_columns_tablet&quot;:&quot;2&quot;,&quot;classic_columns_mobile&quot;:&quot;1&quot;,&quot;classic_row_gap&quot;:{&quot;unit&quot;:&quot;px&quot;,&quot;size&quot;:35,&quot;sizes&quot;:[]},&quot;classic_row_gap_tablet&quot;:{&quot;unit&quot;:&quot;px&quot;,&quot;size&quot;:&quot;&quot;,&quot;sizes&quot;:[]},&quot;classic_row_gap_mobile&quot;:{&quot;unit&quot;:&quot;px&quot;,&quot;size&quot;:&quot;&quot;,&quot;sizes&quot;:[]}}\" data-no-translation=\"\" data-widget_type=\"posts.classic\">\n\t\t\t\t<div class=\"elementor-widget-container\">\n\t\t\t\t\t\t\t<div class=\"elementor-posts-container elementor-posts elementor-posts--skin-classic elementor-grid\" role=\"list\">\n\t\t\t\t<article class=\"elementor-post elementor-grid-item post-943 post type-post status-publish format-standard hentry category-pers-presse-posts category-presse\" role=\"listitem\">\n\t\t\t\t<div class=\"elementor-post__text\">\n\t\t\t\t<h3 class=\"elementor-post__title\">\n\t\t\t<a href=\"https:\/\/open-debat-ouvert.be\/fr\/2022\/01\/le-manifeste-dhiver-franchit-une-nouvelle-etape-et-veut-peser-dans-le-debat-politique\/\" >\n\t\t\t\tLe manifeste d\u2019hiver franchit une nouvelle \u00e9tape et veut peser dans le d\u00e9bat politique\t\t\t<\/a>\n\t\t<\/h3>\n\t\t\t\t<div class=\"elementor-post__meta-data\">\n\t\t\t\t\t<span class=\"elementor-post-date\">\n\t\t\tjanvier 20, 2022\t\t<\/span>\n\t\t\t\t<span class=\"elementor-post-avatar\">\n\t\t\tAucun commentaire\t\t<\/span>\n\t\t\t\t<\/div>\n\t\t\t\t<div class=\"elementor-post__excerpt\">\n\t\t\t<p>Le manifeste d\u2019hiver franchit une nouvelle \u00e9tape et veut peser dans le d\u00e9bat politique Le Manifeste d\u2019hiver a provoqu\u00e9 quelques remous et g\u00e9n\u00e9r\u00e9 un d\u00e9bat<\/p>\n\t\t<\/div>\n\t\t\n\t\t<a class=\"elementor-post__read-more\" href=\"https:\/\/open-debat-ouvert.be\/fr\/2022\/01\/le-manifeste-dhiver-franchit-une-nouvelle-etape-et-veut-peser-dans-le-debat-politique\/\" aria-label=\"En savoir plus sur Le manifeste d\u2019hiver franchit une nouvelle \u00e9tape et veut peser dans le d\u00e9bat politique\" tabindex=\"-1\" >\n\t\t\tRead More \u00bb\t\t<\/a>\n\n\t\t\t\t<\/div>\n\t\t\t\t<\/article>\n\t\t\t\t<article class=\"elementor-post elementor-grid-item post-800 post type-post status-publish format-standard hentry category-presse category-uncategorized\" role=\"listitem\">\n\t\t\t\t<div class=\"elementor-post__text\">\n\t\t\t\t<h3 class=\"elementor-post__title\">\n\t\t\t<a href=\"https:\/\/open-debat-ouvert.be\/fr\/2022\/01\/communique-de-presse-manifeste-dhiver\/\" >\n\t\t\t\tCommuniqu\u00e9 de presse &#8211; Manifeste d&#8217;Hiver\t\t\t<\/a>\n\t\t<\/h3>\n\t\t\t\t<div class=\"elementor-post__meta-data\">\n\t\t\t\t\t<span class=\"elementor-post-date\">\n\t\t\tjanvier 12, 2022\t\t<\/span>\n\t\t\t\t<span class=\"elementor-post-avatar\">\n\t\t\tAucun commentaire\t\t<\/span>\n\t\t\t\t<\/div>\n\t\t\t\t<div class=\"elementor-post__excerpt\">\n\t\t\t<p>Communiqu\u00e9 de presse &#8211; Manifeste d&#8217;Hiver Plus d&#8217;une centaine de scientifiques, m\u00e9decins et personnalit\u00e9s publiques appellent \u00e0 un d\u00e9bat ouvert sur le COVID Un grand<\/p>\n\t\t<\/div>\n\t\t\n\t\t<a class=\"elementor-post__read-more\" href=\"https:\/\/open-debat-ouvert.be\/fr\/2022\/01\/communique-de-presse-manifeste-dhiver\/\" aria-label=\"En savoir plus sur Communiqu\u00e9 de presse &#8211; Manifeste d&#8217;Hiver\" tabindex=\"-1\" >\n\t\t\tRead More \u00bb\t\t<\/a>\n\n\t\t\t\t<\/div>\n\t\t\t\t<\/article>\n\t\t\t\t<\/div>\n\t\t\n\t\t\t\t\t\t<\/div>\n\t\t\t\t<\/div>\n\t\t\t\t\t<\/div>\n\t\t<\/div>\n\t\t\t\t\t<\/div>\n\t\t<\/section>\n\t\t\t\t<section class=\"elementor-section elementor-top-section elementor-element elementor-element-71a49e41 elementor-section-content-middle elementor-section-boxed elementor-section-height-default elementor-section-height-default\" data-id=\"71a49e41\" data-element_type=\"section\" data-e-type=\"section\">\n\t\t\t\t\t\t<div class=\"elementor-container elementor-column-gap-no\">\n\t\t\t\t\t<div class=\"elementor-column elementor-col-100 elementor-top-column elementor-element elementor-element-1173288\" data-id=\"1173288\" data-element_type=\"column\" data-e-type=\"column\">\n\t\t\t<div class=\"elementor-widget-wrap elementor-element-populated\">\n\t\t\t\t\t\t<div class=\"elementor-element elementor-element-6cb816ed elementor-widget-divider--view-line elementor-widget elementor-widget-divider\" data-id=\"6cb816ed\" data-element_type=\"widget\" data-e-type=\"widget\" data-widget_type=\"divider.default\">\n\t\t\t\t<div class=\"elementor-widget-container\">\n\t\t\t\t\t\t\t<div class=\"elementor-divider\">\n\t\t\t<span class=\"elementor-divider-separator\">\n\t\t\t\t\t\t<\/span>\n\t\t<\/div>\n\t\t\t\t\t\t<\/div>\n\t\t\t\t<\/div>\n\t\t\t\t<div class=\"elementor-element elementor-element-78b14a99 elementor-widget elementor-widget-global elementor-global-329 elementor-widget-heading\" data-id=\"78b14a99\" data-element_type=\"widget\" data-e-type=\"widget\" data-widget_type=\"heading.default\">\n\t\t\t\t<div class=\"elementor-widget-container\">\n\t\t\t\t\t<h4 class=\"elementor-heading-title elementor-size-default\"><h3 style=\"font-size: 24px\">Contact<\/h3><\/h4>\t\t\t\t<\/div>\n\t\t\t\t<\/div>\n\t\t\t\t<div class=\"elementor-element elementor-element-eda657c elementor-widget elementor-widget-text-editor\" data-id=\"eda657c\" data-element_type=\"widget\" data-e-type=\"widget\" data-widget_type=\"text-editor.default\">\n\t\t\t\t<div class=\"elementor-widget-container\">\n\t\t\t\t\t\t\t\t\t<p><a href=\"mailto:info@open-debat-ouvert.be\">info@open-debat-ouvert.be<\/a><\/p>\t\t\t\t\t\t\t\t<\/div>\n\t\t\t\t<\/div>\n\t\t\t\t<div class=\"elementor-element elementor-element-d677c5e elementor-widget elementor-widget-text-editor\" data-id=\"d677c5e\" data-element_type=\"widget\" data-e-type=\"widget\" data-widget_type=\"text-editor.default\">\n\t\t\t\t<div class=\"elementor-widget-container\">\n\t\t\t\t\t\t\t\t\t<p><a href=\"https:\/\/open-debat-ouvert.be\/fr\/privacy-policy\/\" target=\"_blank\">Privacy policy<\/a><br><\/p>\t\t\t\t\t\t\t\t<\/div>\n\t\t\t\t<\/div>\n\t\t\t\t<div class=\"elementor-element elementor-element-68231184 elementor-shape-square e-grid-align-left elementor-grid-0 elementor-widget elementor-widget-social-icons\" data-id=\"68231184\" data-element_type=\"widget\" data-e-type=\"widget\" data-widget_type=\"social-icons.default\">\n\t\t\t\t<div class=\"elementor-widget-container\">\n\t\t\t\t\t\t\t<div class=\"elementor-social-icons-wrapper elementor-grid\" role=\"list\">\n\t\t\t\t\t\t\t<span class=\"elementor-grid-item\" role=\"listitem\">\n\t\t\t\t\t<a class=\"elementor-icon elementor-social-icon elementor-social-icon-facebook-f elementor-animation-grow elementor-repeater-item-9c86cde\" href=\"https:\/\/www.facebook.com\/opendebatouvert\" target=\"_blank\">\n\t\t\t\t\t\t<span class=\"elementor-screen-only\">Facebook-f<\/span>\n\t\t\t\t\t\t<i aria-hidden=\"true\" class=\"fab fa-facebook-f\"><\/i>\t\t\t\t\t<\/a>\n\t\t\t\t<\/span>\n\t\t\t\t\t\t\t<span class=\"elementor-grid-item\" role=\"listitem\">\n\t\t\t\t\t<a class=\"elementor-icon elementor-social-icon elementor-social-icon-twitter elementor-animation-grow elementor-repeater-item-7f0e5c7\" href=\"https:\/\/twitter.com\/debat_open\" target=\"_blank\">\n\t\t\t\t\t\t<span class=\"elementor-screen-only\">Twitter<\/span>\n\t\t\t\t\t\t<i aria-hidden=\"true\" class=\"fab fa-twitter\"><\/i>\t\t\t\t\t<\/a>\n\t\t\t\t<\/span>\n\t\t\t\t\t<\/div>\n\t\t\t\t\t\t<\/div>\n\t\t\t\t<\/div>\n\t\t\t\t\t<\/div>\n\t\t<\/div>\n\t\t\t\t\t<\/div>\n\t\t<\/section>\n\t\t\t\t<\/div>","protected":false},"excerpt":{"rendered":"<p>Pers Persberichten worden hier gepost. Voor vragen vanuit de media, graag contact opnemen met\u00a0press@open-debat-ouvert.be. Contact info@open-debat-ouvert.be Privacy policy Facebook-f Twitter<\/p>","protected":false},"author":1,"featured_media":0,"parent":0,"menu_order":0,"comment_status":"closed","ping_status":"closed","template":"full-width.php","meta":{"_acf_changed":false,"_coblocks_attr":"","_coblocks_dimensions":"","_coblocks_responsive_height":"","_coblocks_accordion_ie_support":"","footnotes":""},"class_list":["post-304","page","type-page","status-publish","hentry"],"acf":[],"_links":{"self":[{"href":"https:\/\/open-debat-ouvert.be\/fr\/wp-json\/wp\/v2\/pages\/304","targetHints":{"allow":["GET"]}}],"collection":[{"href":"https:\/\/open-debat-ouvert.be\/fr\/wp-json\/wp\/v2\/pages"}],"about":[{"href":"https:\/\/open-debat-ouvert.be\/fr\/wp-json\/wp\/v2\/types\/page"}],"author":[{"embeddable":true,"href":"https:\/\/open-debat-ouvert.be\/fr\/wp-json\/wp\/v2\/users\/1"}],"replies":[{"embeddable":true,"href":"https:\/\/open-debat-ouvert.be\/fr\/wp-json\/wp\/v2\/comments?post=304"}],"version-history":[{"count":46,"href":"https:\/\/open-debat-ouvert.be\/fr\/wp-json\/wp\/v2\/pages\/304\/revisions"}],"predecessor-version":[{"id":926,"href":"https:\/\/open-debat-ouvert.be\/fr\/wp-json\/wp\/v2\/pages\/304\/revisions\/926"}],"wp:attachment":[{"href":"https:\/\/open-debat-ouvert.be\/fr\/wp-json\/wp\/v2\/media?parent=304"}],"curies":[{"name":"wp","href":"https:\/\/api.w.org\/{rel}","templated":true}]}}

<div data-elementor-type="wp-page" data-elementor-id="304" class="elementor elementor-304" data-elementor-post-type="page">
						<section class="elementor-section elementor-top-section elementor-element elementor-element-16d5e4a4 elementor-section-boxed elementor-section-height-default elementor-section-height-default" data-id="16d5e4a4" data-element_type="section" data-e-type="section" data-settings="{&quot;background_background&quot;:&quot;classic&quot;}">
						<div class="elementor-container elementor-column-gap-no">
					<div class="elementor-column elementor-col-100 elementor-top-column elementor-element elementor-element-33fdbe1e" data-id="33fdbe1e" data-element_type="column" data-e-type="column">
			<div class="elementor-widget-wrap">
							</div>
		</div>
					</div>
		</section>
				<section class="elementor-section elementor-top-section elementor-element elementor-element-da5292d elementor-section-boxed elementor-section-height-default elementor-section-height-default" data-id="da5292d" data-element_type="section" data-e-type="section">
						<div class="elementor-container elementor-column-gap-default">
					<div class="elementor-column elementor-col-100 elementor-top-column elementor-element elementor-element-c11dd9c" data-id="c11dd9c" data-element_type="column" data-e-type="column">
			<div class="elementor-widget-wrap elementor-element-populated">
						<div class="elementor-element elementor-element-d2d412e elementor-widget elementor-widget-heading" data-id="d2d412e" data-element_type="widget" data-e-type="widget" data-widget_type="heading.default">
				<div class="elementor-widget-container">
					<h1 class="elementor-heading-title elementor-size-xxl">Presse </h1>				</div>
				</div>
				<div class="elementor-element elementor-element-3f1bde8 elementor-widget elementor-widget-text-editor" data-id="3f1bde8" data-element_type="widget" data-e-type="widget" data-widget_type="text-editor.default">
				<div class="elementor-widget-container">
									<p>Les communiqués de presse sont publiés ici.</p>								</div>
				</div>
				<div class="elementor-element elementor-element-50b3ce4 elementor-widget elementor-widget-text-editor" data-id="50b3ce4" data-element_type="widget" data-e-type="widget" data-widget_type="text-editor.default">
				<div class="elementor-widget-container">
									<p class="translation-block">Pour les questions des médias, veuillez contacter <a href="mailto:press@open-debat-ouvert.be" target="_blank" rel="noopener">press@open-debat-ouvert.be</a>.</p>								</div>
				</div>
				<div class="elementor-element elementor-element-5201e39 elementor-grid-3 elementor-grid-tablet-2 elementor-grid-mobile-1 elementor-posts--thumbnail-top elementor-widget elementor-widget-posts" data-id="5201e39" data-element_type="widget" data-e-type="widget" data-settings="{&quot;classic_columns&quot;:&quot;3&quot;,&quot;classic_columns_tablet&quot;:&quot;2&quot;,&quot;classic_columns_mobile&quot;:&quot;1&quot;,&quot;classic_row_gap&quot;:{&quot;unit&quot;:&quot;px&quot;,&quot;size&quot;:35,&quot;sizes&quot;:[]},&quot;classic_row_gap_tablet&quot;:{&quot;unit&quot;:&quot;px&quot;,&quot;size&quot;:&quot;&quot;,&quot;sizes&quot;:[]},&quot;classic_row_gap_mobile&quot;:{&quot;unit&quot;:&quot;px&quot;,&quot;size&quot;:&quot;&quot;,&quot;sizes&quot;:[]}}" data-no-translation="" data-widget_type="posts.classic">
				<div class="elementor-widget-container">
					<style>.elementor-element-5201e39{display:none !important}</style>				</div>
				</div>
				<div class="elementor-element elementor-element-bb7078c elementor-grid-3 elementor-grid-tablet-2 elementor-grid-mobile-1 elementor-posts--thumbnail-top elementor-widget elementor-widget-posts" data-id="bb7078c" data-element_type="widget" data-e-type="widget" data-settings="{&quot;classic_columns&quot;:&quot;3&quot;,&quot;classic_columns_tablet&quot;:&quot;2&quot;,&quot;classic_columns_mobile&quot;:&quot;1&quot;,&quot;classic_row_gap&quot;:{&quot;unit&quot;:&quot;px&quot;,&quot;size&quot;:35,&quot;sizes&quot;:[]},&quot;classic_row_gap_tablet&quot;:{&quot;unit&quot;:&quot;px&quot;,&quot;size&quot;:&quot;&quot;,&quot;sizes&quot;:[]},&quot;classic_row_gap_mobile&quot;:{&quot;unit&quot;:&quot;px&quot;,&quot;size&quot;:&quot;&quot;,&quot;sizes&quot;:[]}}" data-no-translation="" data-widget_type="posts.classic">
				<div class="elementor-widget-container">
							<div class="elementor-posts-container elementor-posts elementor-posts--skin-classic elementor-grid" role="list">
				<article class="elementor-post elementor-grid-item post-943 post type-post status-publish format-standard hentry category-pers-presse-posts category-presse" role="listitem">
				<div class="elementor-post__text">
				<h3 class="elementor-post__title">
			<a href="https://open-debat-ouvert.be/fr/2022/01/le-manifeste-dhiver-franchit-une-nouvelle-etape-et-veut-peser-dans-le-debat-politique/" >
				Le manifeste d’hiver franchit une nouvelle étape et veut peser dans le débat politique			</a>
		</h3>
				<div class="elementor-post__meta-data">
					<span class="elementor-post-date">
			janvier 20, 2022		</span>
				<span class="elementor-post-avatar">
			Aucun commentaire		</span>
				</div>
				<div class="elementor-post__excerpt">
			<p>Le manifeste d’hiver franchit une nouvelle étape et veut peser dans le débat politique Le Manifeste d’hiver a provoqué quelques remous et généré un débat</p>
		</div>
		
		<a class="elementor-post__read-more" href="https://open-debat-ouvert.be/fr/2022/01/le-manifeste-dhiver-franchit-une-nouvelle-etape-et-veut-peser-dans-le-debat-politique/" aria-label="En savoir plus sur Le manifeste d’hiver franchit une nouvelle étape et veut peser dans le débat politique" tabindex="-1" >
			Read More »		</a>

				</div>
				</article>
				<article class="elementor-post elementor-grid-item post-800 post type-post status-publish format-standard hentry category-presse category-uncategorized" role="listitem">
				<div class="elementor-post__text">
				<h3 class="elementor-post__title">
			<a href="https://open-debat-ouvert.be/fr/2022/01/communique-de-presse-manifeste-dhiver/" >
				Communiqué de presse &#8211; Manifeste d&#8217;Hiver			</a>
		</h3>
				<div class="elementor-post__meta-data">
					<span class="elementor-post-date">
			janvier 12, 2022		</span>
				<span class="elementor-post-avatar">
			Aucun commentaire		</span>
				</div>
				<div class="elementor-post__excerpt">
			<p>Communiqué de presse &#8211; Manifeste d&#8217;Hiver Plus d&#8217;une centaine de scientifiques, médecins et personnalités publiques appellent à un débat ouvert sur le COVID Un grand</p>
		</div>
		
		<a class="elementor-post__read-more" href="https://open-debat-ouvert.be/fr/2022/01/communique-de-presse-manifeste-dhiver/" aria-label="En savoir plus sur Communiqué de presse &#8211; Manifeste d&#8217;Hiver" tabindex="-1" >
			Read More »		</a>

				</div>
				</article>
				</div>
		
						</div>
				</div>
					</div>
		</div>
					</div>
		</section>
				<section class="elementor-section elementor-top-section elementor-element elementor-element-71a49e41 elementor-section-content-middle elementor-section-boxed elementor-section-height-default elementor-section-height-default" data-id="71a49e41" data-element_type="section" data-e-type="section">
						<div class="elementor-container elementor-column-gap-no">
					<div class="elementor-column elementor-col-100 elementor-top-column elementor-element elementor-element-1173288" data-id="1173288" data-element_type="column" data-e-type="column">
			<div class="elementor-widget-wrap elementor-element-populated">
						<div class="elementor-element elementor-element-6cb816ed elementor-widget-divider--view-line elementor-widget elementor-widget-divider" data-id="6cb816ed" data-element_type="widget" data-e-type="widget" data-widget_type="divider.default">
				<div class="elementor-widget-container">
							<div class="elementor-divider">
			<span class="elementor-divider-separator">
						</span>
		</div>
						</div>
				</div>
				<div class="elementor-element elementor-element-78b14a99 elementor-widget elementor-widget-global elementor-global-329 elementor-widget-heading" data-id="78b14a99" data-element_type="widget" data-e-type="widget" data-widget_type="heading.default">
				<div class="elementor-widget-container">
					<h4 class="elementor-heading-title elementor-size-default"><h3 style="font-size: 24px">Contact</h3></h4>				</div>
				</div>
				<div class="elementor-element elementor-element-eda657c elementor-widget elementor-widget-text-editor" data-id="eda657c" data-element_type="widget" data-e-type="widget" data-widget_type="text-editor.default">
				<div class="elementor-widget-container">
									<p><a href="mailto:info@open-debat-ouvert.be">info@open-debat-ouvert.be</a></p>								</div>
				</div>
				<div class="elementor-element elementor-element-d677c5e elementor-widget elementor-widget-text-editor" data-id="d677c5e" data-element_type="widget" data-e-type="widget" data-widget_type="text-editor.default">
				<div class="elementor-widget-container">
									<p><a href="https://open-debat-ouvert.be/fr/privacy-policy/" target="_blank">Privacy policy</a><br></p>								</div>
				</div>
				<div class="elementor-element elementor-element-68231184 elementor-shape-square e-grid-align-left elementor-grid-0 elementor-widget elementor-widget-social-icons" data-id="68231184" data-element_type="widget" data-e-type="widget" data-widget_type="social-icons.default">
				<div class="elementor-widget-container">
							<div class="elementor-social-icons-wrapper elementor-grid" role="list">
							<span class="elementor-grid-item" role="listitem">
					<a class="elementor-icon elementor-social-icon elementor-social-icon-facebook-f elementor-animation-grow elementor-repeater-item-9c86cde" href="https://www.facebook.com/opendebatouvert" target="_blank">
						<span class="elementor-screen-only">Facebook-f</span>
						<i aria-hidden="true" class="fab fa-facebook-f"></i>					</a>
				</span>
							<span class="elementor-grid-item" role="listitem">
					<a class="elementor-icon elementor-social-icon elementor-social-icon-twitter elementor-animation-grow elementor-repeater-item-7f0e5c7" href="https://twitter.com/debat_open" target="_blank">
						<span class="elementor-screen-only">Twitter</span>
						<i aria-hidden="true" class="fab fa-twitter"></i>					</a>
				</span>
					</div>
						</div>
				</div>
					</div>
		</div>
					</div>
		</section>
				</div>
